{"id":673,"date":"2022-09-13T14:07:04","date_gmt":"2022-09-13T12:07:04","guid":{"rendered":"http:\/\/chatshutants.ovh\/?page_id=673"},"modified":"2025-05-11T23:08:14","modified_gmt":"2025-05-11T21:08:14","slug":"extraits-video-du-spectacle-presente-le-3-juin-2022-salle-arletty","status":"publish","type":"page","link":"https:\/\/chatshutants.ovh\/?page_id=673","title":{"rendered":"LE BAL DES VAURIENS Extraits vid\u00e9o du spectacle"},"content":{"rendered":"\t\t<div data-elementor-type=\"wp-page\" data-elementor-id=\"673\" class=\"elementor elementor-673\">\n\t\t\t\t\t\t\t\t\t<section class=\"elementor-section elementor-top-section elementor-element elementor-element-1acf31b1 elementor-section-boxed elementor-section-height-default elementor-section-height-default\" data-id=\"1acf31b1\" data-element_type=\"section\">\n\t\t\t\t\t\t<div class=\"elementor-container elementor-column-gap-default\">\n\t\t\t\t\t<div class=\"elementor-column elementor-col-100 elementor-top-column elementor-element elementor-element-664c06a0\" data-id=\"664c06a0\" data-element_type=\"column\">\n\t\t\t<div class=\"elementor-widget-wrap elementor-element-populated\">\n\t\t\t\t\t\t\t\t<div class=\"elementor-element elementor-element-44ef902f elementor-widget elementor-widget-text-editor\" data-id=\"44ef902f\" data-element_type=\"widget\" data-widget_type=\"text-editor.default\">\n\t\t\t\t<div class=\"elementor-widget-container\">\n\t\t\t<style>\/*! elementor - v3.16.0 - 17-10-2023 *\/\n.elementor-widget-text-editor.elementor-drop-cap-view-stacked .elementor-drop-cap{background-color:#69727d;color:#fff}.elementor-widget-text-editor.elementor-drop-cap-view-framed .elementor-drop-cap{color:#69727d;border:3px solid;background-color:transparent}.elementor-widget-text-editor:not(.elementor-drop-cap-view-default) .elementor-drop-cap{margin-top:8px}.elementor-widget-text-editor:not(.elementor-drop-cap-view-default) .elementor-drop-cap-letter{width:1em;height:1em}.elementor-widget-text-editor .elementor-drop-cap{float:left;text-align:center;line-height:1;font-size:50px}.elementor-widget-text-editor .elementor-drop-cap-letter{display:inline-block}<\/style>\t\t\t\thttps:\/\/vimeo.com\/720276143\t\t\t\t\t\t<\/div>\n\t\t\t\t<\/div>\n\t\t\t\t\t<\/div>\n\t\t<\/div>\n\t\t\t\t\t\t\t<\/div>\n\t\t<\/section>\n\t\t\t\t<section class=\"elementor-section elementor-top-section elementor-element elementor-element-c63aec3 elementor-section-boxed elementor-section-height-default elementor-section-height-default\" data-id=\"c63aec3\" data-element_type=\"section\">\n\t\t\t\t\t\t<div class=\"elementor-container elementor-column-gap-default\">\n\t\t\t\t\t<div class=\"elementor-column elementor-col-100 elementor-top-column elementor-element elementor-element-5c723fc\" data-id=\"5c723fc\" data-element_type=\"column\">\n\t\t\t<div class=\"elementor-widget-wrap elementor-element-populated\">\n\t\t\t\t\t\t\t\t<div class=\"elementor-element elementor-element-723170e elementor-widget elementor-widget-text-editor\" data-id=\"723170e\" data-element_type=\"widget\" data-widget_type=\"text-editor.default\">\n\t\t\t\t<div class=\"elementor-widget-container\">\n\t\t\t\t\t\t\t<p>Cette vid\u00e9o a \u00e9t\u00e9 r\u00e9alis\u00e9e lors de la Premi\u00e8re du spectacle et mont\u00e9e par St\u00e9phane Mauger.\u00a0<a style=\"font-family: var( --e-global-typography-text-font-family ), Sans-serif; font-size: 1rem;\" href=\"https:\/\/vimeo.com\/720276143?turnstile=0.sooqTMo6kHpqvcNPvf-KCWGdJqqb3dhBoHZk0m3n3aGHT2R4Sch_GXF6M0lm1DwLsgOVmqT4WdJFUotsmpXkv0skSur0cQtLgQs6kRuUzuIFS7dlTwZzwNwEXUcbPN3ES7TsHojgFcsZzwgqcbNDX2n6jj8IWIot7RPCuHJSARsEZIEU3UQu9reQN8t9InrSex_O4Q8VJNJuJdFR6eYr7kxo48INjRWFfk4mpURZf_VZhPfRN4wqPQPm-8mkjX-H74xSdo3es-MG1u7SG8IUDW8NhIT2nI-yyXEtpGLjXNeoaBtP-FBjKIgApnQI7dAbnSFe7pMXi-16MB2BHFdPB2EgsoptrWEysmURhrNcfSmeiLmUwKaO2_PBjE-8rdCqJdaTWrLkloc7XgWhA1QunWMxHTVq4nie7GhNmBuBlLXMtKGBK4Hq2lV83ee_oASqYsQ591UgFap2Oe5c1mqZs9jvcljs2uoO36noXZ49Pd7jgf_fsg3hXxmiTk_lILaAUReffLn7kI1yQxeh-iZEp8ZIlYSVm3bJ-qYxbWRKZYFnsjqZKJJpR3KZH_18_lh11MbHLEFyLEmGX4a1u1EXVXQ7zu40lB-a5lqk2-fKi9YJ140Ks6V_fdy4u_Mu9gGe8UBSTfi7FFxT32ZZ2kEfO77iVVWc-ki_pj3j7O4-zqLnZEb38fgihE7PyEcH8PtKAl4BsFddrtxCI5doR1yVMKxHTl5KjzbB4qnC4LvB-AAl3pD2tzrn_Ay6BXRXit1vW-vvPIM8ZDqif0-goAQGij-MoZiiMbARU4Ow0FPes7Q2S3-D6VU8WDqqNDOhU4ZHPmr9XgCxr3wabSmRxy8irZg8V5TgZ3pzVOROzmLahEOGm1dJ4AMT4l_u5Qy5FKRE.fZjK--CgAvyteiqMagOlNg.a7e668e2f58d2a789ff8136da12c13da79702af69c12d0d89ea6038c5e302de2\">https:\/\/vimeo.com\/720276143?turnstile=0.sooqTMo6kHpqvcNPvf-KCWGdJqqb3dhBoHZk0m3n3aGHT2R4Sch_GXF6M0lm1DwLsgOVmqT4WdJFUotsmpXkv0skSur0cQtLgQs6kRuUzuIFS7dlTwZzwNwEXUcbPN3ES7TsHojgFcsZzwgqcbNDX2n6jj8IWIot7RPCuHJSARsEZIEU3UQu9reQN8t9InrSex_O4Q8VJNJuJdFR6eYr7kxo48INjRWFfk4mpURZf_VZhPfRN4wqPQPm-8mkjX-H74xSdo3es-MG1u7SG8IUDW8NhIT2nI-yyXEtpGLjXNeoaBtP-FBjKIgApnQI7dAbnSFe7pMXi-16MB2BHFdPB2EgsoptrWEysmURhrNcfSmeiLmUwKaO2_PBjE-8rdCqJdaTWrLkloc7XgWhA1QunWMxHTVq4nie7GhNmBuBlLXMtKGBK4Hq2lV83ee_oASqYsQ591UgFap2Oe5c1mqZs9jvcljs2uoO36noXZ49Pd7jgf_fsg3hXxmiTk_lILaAUReffLn7kI1yQxeh-iZEp8ZIlYSVm3bJ-qYxbWRKZYFnsjqZKJJpR3KZH_18_lh11MbHLEFyLEmGX4a1u1EXVXQ7zu40lB-a5lqk2-fKi9YJ140Ks6V_fdy4u_Mu9gGe8UBSTfi7FFxT32ZZ2kEfO77iVVWc-ki_pj3j7O4-zqLnZEb38fgihE7PyEcH8PtKAl4BsFddrtxCI5doR1yVMKxHTl5KjzbB4qnC4LvB-AAl3pD2tzrn_Ay6BXRXit1vW-vvPIM8ZDqif0-goAQGij-MoZiiMbARU4Ow0FPes7Q2S3-D6VU8WDqqNDOhU4ZHPmr9XgCxr3wabSmRxy8irZg8V5TgZ3pzVOROzmLahEOGm1dJ4AMT4l_u5Qy5FKRE.fZjK&#8211;CgAvyteiqMagOlNg.a7e668e2f58d2a789ff8136da12c13da79702af69c12d0d89ea6038c5e302de2<\/a><\/p><p>\u00a0<\/p>\t\t\t\t\t\t<\/div>\n\t\t\t\t<\/div>\n\t\t\t\t\t<\/div>\n\t\t<\/div>\n\t\t\t\t\t\t\t<\/div>\n\t\t<\/section>\n\t\t\t\t<section class=\"elementor-section elementor-top-section elementor-element elementor-element-3fc381a elementor-section-boxed elementor-section-height-default elementor-section-height-default\" data-id=\"3fc381a\" data-element_type=\"section\">\n\t\t\t\t\t\t<div class=\"elementor-container elementor-column-gap-default\">\n\t\t\t\t\t<div class=\"elementor-column elementor-col-100 elementor-top-column elementor-element elementor-element-82f8b40\" data-id=\"82f8b40\" data-element_type=\"column\">\n\t\t\t<div class=\"elementor-widget-wrap elementor-element-populated\">\n\t\t\t\t\t\t\t\t<div class=\"elementor-element elementor-element-acd0d5a elementor-widget elementor-widget-text-editor\" data-id=\"acd0d5a\" data-element_type=\"widget\" data-widget_type=\"text-editor.default\">\n\t\t\t\t<div class=\"elementor-widget-container\">\n\t\t\t\t\t\t\t\t\t\t\t\t\t<\/div>\n\t\t\t\t<\/div>\n\t\t\t\t\t<\/div>\n\t\t<\/div>\n\t\t\t\t\t\t\t<\/div>\n\t\t<\/section>\n\t\t\t\t<section class=\"elementor-section elementor-top-section elementor-element elementor-element-2bf83c7 elementor-section-boxed elementor-section-height-default elementor-section-height-default\" data-id=\"2bf83c7\" data-element_type=\"section\">\n\t\t\t\t\t\t<div class=\"elementor-container elementor-column-gap-default\">\n\t\t\t\t\t<div class=\"elementor-column elementor-col-100 elementor-top-column elementor-element elementor-element-a0d321f\" data-id=\"a0d321f\" data-element_type=\"column\">\n\t\t\t<div class=\"elementor-widget-wrap elementor-element-populated\">\n\t\t\t\t\t\t\t\t<div class=\"elementor-element elementor-element-8c56fbf elementor-widget elementor-widget-video\" data-id=\"8c56fbf\" data-element_type=\"widget\" data-settings=\"{&quot;youtube_url&quot;:&quot;https:\\\/\\\/www.youtube.com\\\/watch?v=XHOmBV4js_E&quot;,&quot;video_type&quot;:&quot;youtube&quot;,&quot;controls&quot;:&quot;yes&quot;}\" data-widget_type=\"video.default\">\n\t\t\t\t<div class=\"elementor-widget-container\">\n\t\t\t<style>\/*! elementor - v3.16.0 - 17-10-2023 *\/\n.elementor-widget-video .elementor-widget-container{overflow:hidden;transform:translateZ(0)}.elementor-widget-video .elementor-wrapper{aspect-ratio:var(--video-aspect-ratio)}.elementor-widget-video .elementor-wrapper iframe,.elementor-widget-video .elementor-wrapper video{height:100%;width:100%;display:flex;border:none;background-color:#000}@supports not (aspect-ratio:1\/1){.elementor-widget-video .elementor-wrapper{position:relative;overflow:hidden;height:0;padding-bottom:calc(100% \/ var(--video-aspect-ratio))}.elementor-widget-video .elementor-wrapper iframe,.elementor-widget-video .elementor-wrapper video{position:absolute;top:0;right:0;bottom:0;left:0}}.elementor-widget-video .elementor-open-inline .elementor-custom-embed-image-overlay{position:absolute;top:0;right:0;bottom:0;left:0;background-size:cover;background-position:50%}.elementor-widget-video .elementor-custom-embed-image-overlay{cursor:pointer;text-align:center}.elementor-widget-video .elementor-custom-embed-image-overlay:hover .elementor-custom-embed-play i{opacity:1}.elementor-widget-video .elementor-custom-embed-image-overlay img{display:block;width:100%;aspect-ratio:var(--video-aspect-ratio);-o-object-fit:cover;object-fit:cover;-o-object-position:center center;object-position:center center}@supports not (aspect-ratio:1\/1){.elementor-widget-video .elementor-custom-embed-image-overlay{position:relative;overflow:hidden;height:0;padding-bottom:calc(100% \/ var(--video-aspect-ratio))}.elementor-widget-video .elementor-custom-embed-image-overlay img{position:absolute;top:0;right:0;bottom:0;left:0}}.elementor-widget-video .e-hosted-video .elementor-video{-o-object-fit:cover;object-fit:cover}.e-con-inner>.elementor-widget-video,.e-con>.elementor-widget-video{width:var(--container-widget-width);--flex-grow:var(--container-widget-flex-grow)}<\/style>\t\t<div class=\"elementor-wrapper elementor-open-inline\">\n\t\t\t<div class=\"elementor-video\"><\/div>\t\t<\/div>\n\t\t\t\t<\/div>\n\t\t\t\t<\/div>\n\t\t\t\t\t<\/div>\n\t\t<\/div>\n\t\t\t\t\t\t\t<\/div>\n\t\t<\/section>\n\t\t\t\t\t\t\t<\/div>\n\t\t","protected":false},"excerpt":{"rendered":"<p>https:\/\/vimeo.com\/720276143 Cette vid\u00e9o a \u00e9t\u00e9 r\u00e9alis\u00e9e lors de la Premi\u00e8re du spectacle et mont\u00e9e par St\u00e9phane Mauger.\u00a0https:\/\/vimeo.com\/720276143?turnstile=0.sooqTMo6kHpqvcNPvf-KCWGdJqqb3dhBoHZk0m3n3aGHT2R4Sch_GXF6M0lm1DwLsgOVmqT4WdJFUotsmpXkv0skSur0cQtLgQs6kRuUzuIFS7dlTwZzwNwEXUcbPN3ES7TsHojgFcsZzwgqcbNDX2n6jj8IWIot7RPCuHJSARsEZIEU3UQu9reQN8t9InrSex_O4Q8VJNJuJdFR6eYr7kxo48INjRWFfk4mpURZf_VZhPfRN4wqPQPm-8mkjX-H74xSdo3es-MG1u7SG8IUDW8NhIT2nI-yyXEtpGLjXNeoaBtP-FBjKIgApnQI7dAbnSFe7pMXi-16MB2BHFdPB2EgsoptrWEysmURhrNcfSmeiLmUwKaO2_PBjE-8rdCqJdaTWrLkloc7XgWhA1QunWMxHTVq4nie7GhNmBuBlLXMtKGBK4Hq2lV83ee_oASqYsQ591UgFap2Oe5c1mqZs9jvcljs2uoO36noXZ49Pd7jgf_fsg3hXxmiTk_lILaAUReffLn7kI1yQxeh-iZEp8ZIlYSVm3bJ-qYxbWRKZYFnsjqZKJJpR3KZH_18_lh11MbHLEFyLEmGX4a1u1EXVXQ7zu40lB-a5lqk2-fKi9YJ140Ks6V_fdy4u_Mu9gGe8UBSTfi7FFxT32ZZ2kEfO77iVVWc-ki_pj3j7O4-zqLnZEb38fgihE7PyEcH8PtKAl4BsFddrtxCI5doR1yVMKxHTl5KjzbB4qnC4LvB-AAl3pD2tzrn_Ay6BXRXit1vW-vvPIM8ZDqif0-goAQGij-MoZiiMbARU4Ow0FPes7Q2S3-D6VU8WDqqNDOhU4ZHPmr9XgCxr3wabSmRxy8irZg8V5TgZ3pzVOROzmLahEOGm1dJ4AMT4l_u5Qy5FKRE.fZjK&#8211;CgAvyteiqMagOlNg.a7e668e2f58d2a789ff8136da12c13da79702af69c12d0d89ea6038c5e302de2 \u00a0 https:\/\/www.youtube.com\/watch?v=XHOmBV4js_E<\/p>\n","protected":false},"author":1,"featured_media":0,"parent":0,"menu_order":0,"comment_status":"closed","ping_status":"closed","template":"","meta":{"footnotes":""},"class_list":["post-673","page","type-page","status-publish","hentry"],"_links":{"self":[{"href":"https:\/\/chatshutants.ovh\/index.php?rest_route=\/wp\/v2\/pages\/673","targetHints":{"allow":["GET"]}}],"collection":[{"href":"https:\/\/chatshutants.ovh\/index.php?rest_route=\/wp\/v2\/pages"}],"about":[{"href":"https:\/\/chatshutants.ovh\/index.php?rest_route=\/wp\/v2\/types\/page"}],"author":[{"embeddable":true,"href":"https:\/\/chatshutants.ovh\/index.php?rest_route=\/wp\/v2\/users\/1"}],"replies":[{"embeddable":true,"href":"https:\/\/chatshutants.ovh\/index.php?rest_route=%2Fwp%2Fv2%2Fcomments&post=673"}],"version-history":[{"count":22,"href":"https:\/\/chatshutants.ovh\/index.php?rest_route=\/wp\/v2\/pages\/673\/revisions"}],"predecessor-version":[{"id":1013,"href":"https:\/\/chatshutants.ovh\/index.php?rest_route=\/wp\/v2\/pages\/673\/revisions\/1013"}],"wp:attachment":[{"href":"https:\/\/chatshutants.ovh\/index.php?rest_route=%2Fwp%2Fv2%2Fmedia&parent=673"}],"curies":[{"name":"wp","href":"https:\/\/api.w.org\/{rel}","templated":true}]}}