{"id":476,"date":"2022-02-13T16:08:22","date_gmt":"2022-02-13T15:08:22","guid":{"rendered":"http:\/\/chatshutants.ovh\/?page_id=476"},"modified":"2022-02-13T16:28:01","modified_gmt":"2022-02-13T15:28:01","slug":"bidules-trucs-de-pierre-notte-photos-et-courtes-videos","status":"publish","type":"page","link":"https:\/\/chatshutants.ovh\/?page_id=476","title":{"rendered":"Bidules trucs de Pierre Notte : photos"},"content":{"rendered":"\t\t<div data-elementor-type=\"wp-page\" data-elementor-id=\"476\" class=\"elementor elementor-476\">\n\t\t\t\t\t\t\t\t\t<section class=\"elementor-section elementor-top-section elementor-element elementor-element-1889ee09 elementor-section-boxed elementor-section-height-default elementor-section-height-default\" data-id=\"1889ee09\" data-element_type=\"section\">\n\t\t\t\t\t\t<div class=\"elementor-container elementor-column-gap-default\">\n\t\t\t\t\t<div class=\"elementor-column elementor-col-100 elementor-top-column elementor-element elementor-element-20215f54\" data-id=\"20215f54\" data-element_type=\"column\">\n\t\t\t<div class=\"elementor-widget-wrap elementor-element-populated\">\n\t\t\t\t\t\t\t\t<div class=\"elementor-element elementor-element-778abcf7 elementor-widget elementor-widget-text-editor\" data-id=\"778abcf7\" data-element_type=\"widget\" data-widget_type=\"text-editor.default\">\n\t\t\t\t<div class=\"elementor-widget-container\">\n\t\t\t<style>\/*! elementor - v3.16.0 - 17-10-2023 *\/\n.elementor-widget-text-editor.elementor-drop-cap-view-stacked .elementor-drop-cap{background-color:#69727d;color:#fff}.elementor-widget-text-editor.elementor-drop-cap-view-framed .elementor-drop-cap{color:#69727d;border:3px solid;background-color:transparent}.elementor-widget-text-editor:not(.elementor-drop-cap-view-default) .elementor-drop-cap{margin-top:8px}.elementor-widget-text-editor:not(.elementor-drop-cap-view-default) .elementor-drop-cap-letter{width:1em;height:1em}.elementor-widget-text-editor .elementor-drop-cap{float:left;text-align:center;line-height:1;font-size:50px}.elementor-widget-text-editor .elementor-drop-cap-letter{display:inline-block}<\/style>\t\t\t\t<p><a href=\"http:\/\/chatshutants.ovh\/wp-content\/uploads\/2021\/10\/le-roi-et-le-conseiller-agnes-et-mathias.jpg\"><img loading=\"lazy\" decoding=\"async\" class=\"alignnone wp-image-428\" src=\"http:\/\/chatshutants.ovh\/wp-content\/uploads\/2021\/10\/le-roi-et-le-conseiller-agnes-et-mathias-300x200.jpg\" alt=\"\" width=\"362\" height=\"241\" srcset=\"https:\/\/chatshutants.ovh\/wp-content\/uploads\/2021\/10\/le-roi-et-le-conseiller-agnes-et-mathias-300x200.jpg 300w, https:\/\/chatshutants.ovh\/wp-content\/uploads\/2021\/10\/le-roi-et-le-conseiller-agnes-et-mathias-1024x682.jpg 1024w, https:\/\/chatshutants.ovh\/wp-content\/uploads\/2021\/10\/le-roi-et-le-conseiller-agnes-et-mathias-768x512.jpg 768w, https:\/\/chatshutants.ovh\/wp-content\/uploads\/2021\/10\/le-roi-et-le-conseiller-agnes-et-mathias.jpg 1181w\" sizes=\"auto, (max-width: 362px) 100vw, 362px\" \/><\/a>\u00a0La R\u00e9volution <a href=\"http:\/\/chatshutants.ovh\/wp-content\/uploads\/2021\/10\/scene-ambulante-a-Sauzon.jpg\"><img loading=\"lazy\" decoding=\"async\" class=\"alignnone wp-image-429\" src=\"http:\/\/chatshutants.ovh\/wp-content\/uploads\/2021\/10\/scene-ambulante-a-Sauzon-300x200.jpg\" alt=\"\" width=\"359\" height=\"239\" srcset=\"https:\/\/chatshutants.ovh\/wp-content\/uploads\/2021\/10\/scene-ambulante-a-Sauzon-300x200.jpg 300w, https:\/\/chatshutants.ovh\/wp-content\/uploads\/2021\/10\/scene-ambulante-a-Sauzon.jpg 557w\" sizes=\"auto, (max-width: 359px) 100vw, 359px\" \/><\/a>\u00a0Sc\u00e8ne ambulante \u00e0 Sauzon (\u00e9t\u00e9 2018)<\/p><p><a href=\"http:\/\/chatshutants.ovh\/wp-content\/uploads\/2022\/02\/IMG_1754.jpg\"><img loading=\"lazy\" decoding=\"async\" class=\" wp-image-481 alignleft\" src=\"http:\/\/chatshutants.ovh\/wp-content\/uploads\/2022\/02\/IMG_1754-225x300.jpg\" alt=\"\" width=\"352\" height=\"469\" srcset=\"https:\/\/chatshutants.ovh\/wp-content\/uploads\/2022\/02\/IMG_1754-225x300.jpg 225w, https:\/\/chatshutants.ovh\/wp-content\/uploads\/2022\/02\/IMG_1754-768x1024.jpg 768w, https:\/\/chatshutants.ovh\/wp-content\/uploads\/2022\/02\/IMG_1754-1152x1536.jpg 1152w, https:\/\/chatshutants.ovh\/wp-content\/uploads\/2022\/02\/IMG_1754.jpg 1536w\" sizes=\"auto, (max-width: 352px) 100vw, 352px\" \/><\/a><\/p><p>Le Roi et son conseiller<\/p><p><a href=\"http:\/\/chatshutants.ovh\/wp-content\/uploads\/2022\/02\/le-fou-du-village-qui-passe.jpg\"><img loading=\"lazy\" decoding=\"async\" class=\"alignnone size-medium wp-image-485\" src=\"http:\/\/chatshutants.ovh\/wp-content\/uploads\/2022\/02\/le-fou-du-village-qui-passe-300x200.jpg\" alt=\"\" width=\"300\" height=\"200\" srcset=\"https:\/\/chatshutants.ovh\/wp-content\/uploads\/2022\/02\/le-fou-du-village-qui-passe-300x200.jpg 300w, https:\/\/chatshutants.ovh\/wp-content\/uploads\/2022\/02\/le-fou-du-village-qui-passe-1024x682.jpg 1024w, https:\/\/chatshutants.ovh\/wp-content\/uploads\/2022\/02\/le-fou-du-village-qui-passe-768x512.jpg 768w, https:\/\/chatshutants.ovh\/wp-content\/uploads\/2022\/02\/le-fou-du-village-qui-passe.jpg 1181w\" sizes=\"auto, (max-width: 300px) 100vw, 300px\" \/><\/a>\u00a0Le fou du village<a href=\"http:\/\/chatshutants.ovh\/wp-content\/uploads\/2022\/02\/public-a-Sauzon.jpg\"><img loading=\"lazy\" decoding=\"async\" class=\"alignnone size-medium wp-image-486\" src=\"http:\/\/chatshutants.ovh\/wp-content\/uploads\/2022\/02\/public-a-Sauzon-300x200.jpg\" alt=\"\" width=\"300\" height=\"200\" srcset=\"https:\/\/chatshutants.ovh\/wp-content\/uploads\/2022\/02\/public-a-Sauzon-300x200.jpg 300w, https:\/\/chatshutants.ovh\/wp-content\/uploads\/2022\/02\/public-a-Sauzon.jpg 557w\" sizes=\"auto, (max-width: 300px) 100vw, 300px\" \/>Le lion et l&#8217;enfant<\/a><\/p><p>\u00a0<\/p><p>\u00a0<\/p><p>\u00a0<\/p>\t\t\t\t\t\t<\/div>\n\t\t\t\t<\/div>\n\t\t\t\t\t<\/div>\n\t\t<\/div>\n\t\t\t\t\t\t\t<\/div>\n\t\t<\/section>\n\t\t\t\t\t\t\t<\/div>\n\t\t","protected":false},"excerpt":{"rendered":"<p>\u00a0La R\u00e9volution \u00a0Sc\u00e8ne ambulante \u00e0 Sauzon (\u00e9t\u00e9 2018) Le Roi et son conseiller \u00a0Le fou du villageLe lion et l&#8217;enfant<\/p>\n","protected":false},"author":1,"featured_media":0,"parent":0,"menu_order":0,"comment_status":"closed","ping_status":"closed","template":"","meta":{"footnotes":""},"class_list":["post-476","page","type-page","status-publish","hentry"],"_links":{"self":[{"href":"https:\/\/chatshutants.ovh\/index.php?rest_route=\/wp\/v2\/pages\/476","targetHints":{"allow":["GET"]}}],"collection":[{"href":"https:\/\/chatshutants.ovh\/index.php?rest_route=\/wp\/v2\/pages"}],"about":[{"href":"https:\/\/chatshutants.ovh\/index.php?rest_route=\/wp\/v2\/types\/page"}],"author":[{"embeddable":true,"href":"https:\/\/chatshutants.ovh\/index.php?rest_route=\/wp\/v2\/users\/1"}],"replies":[{"embeddable":true,"href":"https:\/\/chatshutants.ovh\/index.php?rest_route=%2Fwp%2Fv2%2Fcomments&post=476"}],"version-history":[{"count":4,"href":"https:\/\/chatshutants.ovh\/index.php?rest_route=\/wp\/v2\/pages\/476\/revisions"}],"predecessor-version":[{"id":492,"href":"https:\/\/chatshutants.ovh\/index.php?rest_route=\/wp\/v2\/pages\/476\/revisions\/492"}],"wp:attachment":[{"href":"https:\/\/chatshutants.ovh\/index.php?rest_route=%2Fwp%2Fv2%2Fmedia&parent=476"}],"curies":[{"name":"wp","href":"https:\/\/api.w.org\/{rel}","templated":true}]}}