{"id":1055,"date":"2025-08-17T14:45:01","date_gmt":"2025-08-17T12:45:01","guid":{"rendered":"http:\/\/chatshutants.ovh\/?page_id=1055"},"modified":"2025-08-17T14:54:10","modified_gmt":"2025-08-17T12:54:10","slug":"ar-men","status":"publish","type":"page","link":"https:\/\/chatshutants.ovh\/?page_id=1055","title":{"rendered":"AR-men"},"content":{"rendered":"\t\t<div data-elementor-type=\"wp-page\" data-elementor-id=\"1055\" class=\"elementor elementor-1055\">\n\t\t\t\t\t\t\t\t\t<section class=\"elementor-section elementor-top-section elementor-element elementor-element-77446df elementor-section-boxed elementor-section-height-default elementor-section-height-default\" data-id=\"77446df\" data-element_type=\"section\">\n\t\t\t\t\t\t<div class=\"elementor-container elementor-column-gap-default\">\n\t\t\t\t\t<div class=\"elementor-column elementor-col-100 elementor-top-column elementor-element elementor-element-27b8ae1\" data-id=\"27b8ae1\" data-element_type=\"column\">\n\t\t\t<div class=\"elementor-widget-wrap elementor-element-populated\">\n\t\t\t\t\t\t\t\t<div class=\"elementor-element elementor-element-0c341af elementor-widget elementor-widget-heading\" data-id=\"0c341af\" data-element_type=\"widget\" data-widget_type=\"heading.default\">\n\t\t\t\t<div class=\"elementor-widget-container\">\n\t\t\t<style>\/*! elementor - v3.16.0 - 17-10-2023 *\/\n.elementor-heading-title{padding:0;margin:0;line-height:1}.elementor-widget-heading .elementor-heading-title[class*=elementor-size-]>a{color:inherit;font-size:inherit;line-height:inherit}.elementor-widget-heading .elementor-heading-title.elementor-size-small{font-size:15px}.elementor-widget-heading .elementor-heading-title.elementor-size-medium{font-size:19px}.elementor-widget-heading .elementor-heading-title.elementor-size-large{font-size:29px}.elementor-widget-heading .elementor-heading-title.elementor-size-xl{font-size:39px}.elementor-widget-heading .elementor-heading-title.elementor-size-xxl{font-size:59px}<\/style><h2 class=\"elementor-heading-title elementor-size-default\">Ar-men : Lectures et exposition<\/h2>\t\t<\/div>\n\t\t\t\t<\/div>\n\t\t\t\t\t<\/div>\n\t\t<\/div>\n\t\t\t\t\t\t\t<\/div>\n\t\t<\/section>\n\t\t\t\t<section class=\"elementor-section elementor-top-section elementor-element elementor-element-69089f4 elementor-section-boxed elementor-section-height-default elementor-section-height-default\" data-id=\"69089f4\" data-element_type=\"section\">\n\t\t\t\t\t\t<div class=\"elementor-container elementor-column-gap-default\">\n\t\t\t\t\t<div class=\"elementor-column elementor-col-100 elementor-top-column elementor-element elementor-element-1cc36fa\" data-id=\"1cc36fa\" data-element_type=\"column\">\n\t\t\t<div class=\"elementor-widget-wrap elementor-element-populated\">\n\t\t\t\t\t\t\t\t<div class=\"elementor-element elementor-element-c8465f5 elementor-widget elementor-widget-image\" data-id=\"c8465f5\" data-element_type=\"widget\" data-widget_type=\"image.default\">\n\t\t\t\t<div class=\"elementor-widget-container\">\n\t\t\t<style>\/*! elementor - v3.16.0 - 17-10-2023 *\/\n.elementor-widget-image{text-align:center}.elementor-widget-image a{display:inline-block}.elementor-widget-image a img[src$=\".svg\"]{width:48px}.elementor-widget-image img{vertical-align:middle;display:inline-block}<\/style>\t\t\t\t\t\t\t\t\t\t\t\t<img loading=\"lazy\" decoding=\"async\" width=\"463\" height=\"640\" src=\"https:\/\/chatshutants.ovh\/wp-content\/uploads\/2025\/08\/ARMEN-DEF.jpeg\" class=\"attachment-large size-large wp-image-1056\" alt=\"\" srcset=\"https:\/\/chatshutants.ovh\/wp-content\/uploads\/2025\/08\/ARMEN-DEF.jpeg 463w, https:\/\/chatshutants.ovh\/wp-content\/uploads\/2025\/08\/ARMEN-DEF-217x300.jpeg 217w\" sizes=\"auto, 100vw\" \/>\t\t\t\t\t\t\t\t\t\t\t\t\t\t\t<\/div>\n\t\t\t\t<\/div>\n\t\t\t\t\t<\/div>\n\t\t<\/div>\n\t\t\t\t\t\t\t<\/div>\n\t\t<\/section>\n\t\t\t\t<section class=\"elementor-section elementor-top-section elementor-element elementor-element-0ae0d05 elementor-section-boxed elementor-section-height-default elementor-section-height-default\" data-id=\"0ae0d05\" data-element_type=\"section\">\n\t\t\t\t\t\t<div class=\"elementor-container elementor-column-gap-default\">\n\t\t\t\t\t<div class=\"elementor-column elementor-col-100 elementor-top-column elementor-element elementor-element-a6821e2\" data-id=\"a6821e2\" data-element_type=\"column\">\n\t\t\t<div class=\"elementor-widget-wrap elementor-element-populated\">\n\t\t\t\t\t\t\t\t<div class=\"elementor-element elementor-element-dea1a06 elementor-widget elementor-widget-text-editor\" data-id=\"dea1a06\" data-element_type=\"widget\" data-widget_type=\"text-editor.default\">\n\t\t\t\t<div class=\"elementor-widget-container\">\n\t\t\t<style>\/*! elementor - v3.16.0 - 17-10-2023 *\/\n.elementor-widget-text-editor.elementor-drop-cap-view-stacked .elementor-drop-cap{background-color:#69727d;color:#fff}.elementor-widget-text-editor.elementor-drop-cap-view-framed .elementor-drop-cap{color:#69727d;border:3px solid;background-color:transparent}.elementor-widget-text-editor:not(.elementor-drop-cap-view-default) .elementor-drop-cap{margin-top:8px}.elementor-widget-text-editor:not(.elementor-drop-cap-view-default) .elementor-drop-cap-letter{width:1em;height:1em}.elementor-widget-text-editor .elementor-drop-cap{float:left;text-align:center;line-height:1;font-size:50px}.elementor-widget-text-editor .elementor-drop-cap-letter{display:inline-block}<\/style>\t\t\t\t<p style=\"margin: 0cm; font-size: medium; font-family: Calibri, sans-serif; caret-color: #000000; color: #000000;\"><span style=\"font-size: 11pt; font-family: 'Avenir Book';\">A travers son \u0153uvre, Jean-Pierre Abraham nous livre son exp\u00e9rience de gardien du phare d\u2019Armen, celui que l\u2019on surnomme\u00a0<i>\u00ab\u00a0l\u2019enfer des enfers<\/i>\u00a0\u00bb et qui fait face \u00e0 l\u2019ile de Sein.\u00a0<\/span><span style=\"font-family: 'Avenir Book'; font-size: 11pt;\">Les passages extraits de son livre portent sur la p\u00e9riode de No\u00ebl, la sir\u00e8ne du phare, mais aussi sur les angoisses et les doutes qui saisissent l\u2019\u00e9crivain tournoyant \u00e0 la recherche de sa v\u00e9rit\u00e9 et de sa traduction la plus exacte.<\/span><span style=\"font-family: 'Avenir Book'; font-size: 11pt;\">\u00a0<\/span><\/p><p style=\"margin: 0cm; font-size: medium; font-family: Calibri, sans-serif; caret-color: #000000; color: #000000;\"><span style=\"font-size: 11pt; font-family: 'Avenir Book';\">\u00a0<\/span><\/p><p style=\"margin: 0cm; font-size: medium; font-family: Calibri, sans-serif; caret-color: #000000; color: #000000;\"><span style=\"font-size: 11pt; font-family: 'Avenir Book';\">Dans sa recherche d\u2019asc\u00e8se, tel un moine gravissant \u00e0 l\u2019infini les marches de son monast\u00e8re, l\u2019\u00e9crivain, Jean-Pierre Abraham aspire \u00e0 guetter au c\u0153ur du monde, \u00e0 crever l\u2019inutile, le superflu. Il recherche la lumi\u00e8re de son enfance, en s\u2019appliquant tous les jours \u00e0 vivre dans la plus grande incertitude.\u00a0<\/span><\/p><p style=\"margin: 0cm; font-size: medium; font-family: Calibri, sans-serif; caret-color: #000000; color: #000000;\"><span style=\"font-size: 11pt; font-family: 'Avenir Book';\">\u00a0<\/span><\/p><p style=\"margin: 0cm; font-size: medium; font-family: Calibri, sans-serif; caret-color: #000000; color: #000000;\"><span style=\"font-size: 11pt; font-family: 'Avenir Book';\">Deux mondes en un seul, c\u2019est ce qu\u2019introduit cette lecture\u00a0: Jean-Pierre Abraham, un personnage double, le gardien de phare concentr\u00e9 sur ses t\u00e2ches quotidiennes\u00a0; et l\u2019homme confront\u00e9 \u00e0 son \u00e9criture. Un troisi\u00e8me personnage est celui de l\u2019autre gardien Martin.<\/span><\/p><p style=\"margin: 0cm; font-size: medium; font-family: Calibri, sans-serif; caret-color: #000000; color: #000000;\"><span style=\"font-size: 11pt; font-family: 'Avenir Book';\">\u00a0<\/span><\/p><p style=\"margin: 0cm; font-size: medium; font-family: Calibri, sans-serif; caret-color: #000000; color: #000000;\"><span style=\"font-size: 11pt; font-family: 'Avenir Book';\">Comme l\u2019\u00e9crit\u00a0l\u2019auteur:\u00a0<i>il faut du temps pour qu\u2019un mot vienne sur le pont\u00a0; il en faut bien plus pour se r\u00e9soudre \u00e0 en rejeter par-dessus bord<\/i>\u00a0\u00bb.<\/span><\/p><p style=\"margin: 0cm; font-size: medium; font-family: Calibri, sans-serif; caret-color: #000000; color: #000000;\"><span style=\"font-size: 11pt; font-family: 'Avenir Book';\">\u00a0<\/span><\/p><p style=\"margin: 0cm; font-size: medium; font-family: Calibri, sans-serif; caret-color: #000000; color: #000000;\"><b><i><span style=\"font-size: 20pt; font-family: 'Avenir Book'; color: #0070c0;\">Les chemins de Sein\u00a0<\/span><\/i><\/b><b><i><span style=\"font-size: 16pt; font-family: 'Avenir Book'; color: #0070c0;\">: exposition\u00a0<\/span><\/i><\/b><\/p><p style=\"margin: 0cm; font-size: medium; font-family: Calibri, sans-serif; caret-color: #000000; color: #000000;\"><span style=\"font-size: 11pt; font-family: 'Avenir Book'; color: #0070c0;\">\u00a0<\/span><\/p><p style=\"margin: 0cm; font-size: medium; font-family: Calibri, sans-serif; caret-color: #000000; color: #000000;\"><span style=\"font-size: 11pt; font-family: 'Avenir Book'; color: #0070c0;\">Un an apr\u00e8s la mort de son fr\u00e8re en 2004\u00a0, \u00a0le peintre, Dominique ABRAHAM, a cr\u00e9\u00e9 un livre sur l\u2019\u00eele de Sein\u00a0: \u00ab\u00a0Juste un fusain et du papier pour dire vrai. Parfois un seul trait pour montrer l\u2019horizon aurait fait l\u2019affaire, mais pour qui\u00a0? Regarder sans divulguer, montrer sans trahir, dessiner sans mentir et, comme un p\u00eacheur rapporter de quoi nourrir.\u00a0\u00bb\u00a0<\/span><\/p><p style=\"margin: 0cm; font-size: medium; font-family: Calibri, sans-serif; caret-color: #000000; color: #000000;\"><span style=\"font-size: 11pt; font-family: 'Avenir Book'; color: #0070c0;\">\u00a0<\/span><\/p><p style=\"margin: 0cm; text-align: start; text-indent: 0px;\"><span style=\"color: #0070c0; font-family: Avenir Book;\"><span style=\"font-weight: 400; caret-color: #000000; font-size: 11pt;\">La <\/span><span style=\"font-weight: bold; caret-color: #000000; font-size: 14.666667px;\">musique<\/span><span style=\"caret-color: #000000; font-size: 11pt;\">\u00a0qui accompagne cette lecture <\/span><span style=\"caret-color: #000000; font-size: 14.666667px;\">est<\/span><span style=\"caret-color: #000000; font-size: 11pt;\">\u00a0de Pierre BERNARD compositeu<\/span><\/span><span style=\"caret-color: #000000; color: #0070c0; font-family: 'Avenir Book'; font-size: 11pt; font-style: normal; font-variant-caps: normal; font-weight: 400; letter-spacing: normal; text-transform: none; white-space: normal; word-spacing: 0px; text-decoration: none; -webkit-text-stroke-width: 0px;\">r.\u00a0<\/span><span style=\"caret-color: #000000; color: #000000; font-family: 'Avenir Book'; font-size: 11pt; font-style: normal; font-variant-caps: normal; font-weight: 400; letter-spacing: normal; text-transform: none; white-space: normal; word-spacing: 0px; text-decoration: none; -webkit-text-stroke-width: 0px;\">\u00a0Ancien \u00e9l\u00e8ve de Pierre Schaeffer au Conservatoire National de Paris, il \u00e9tudie la composition \u00e9lectroacoustique avec le Groupe de recherche Musicale de l\u2019Ina-GRM, se forme \u00e0 l\u2019informatique musicale et pr\u00e9sente une th\u00e8se de doctorat sur l\u2019intuition en musique.\u00a0\u00a0Il a organis\u00e9 plusieurs festivals de musique, compos\u00e9 pour la danse, le th\u00e9\u00e2tre, la t\u00e9l\u00e9vision et travaill\u00e9 longtemps\u00a0<\/span><span style=\"caret-color: #000000; color: #222222; font-family: Calibri, sans-serif; font-size: medium; font-style: normal; font-variant-caps: normal; font-weight: 400; letter-spacing: normal; text-transform: none; white-space: normal; word-spacing: 0px; text-decoration: none; -webkit-text-stroke-width: 0px; background: white;\">aupr\u00e8s de XENAKIS \u00a0qui fut un ma\u00eetre pour lui.\u00a0<\/span><span style=\"caret-color: #000000; color: #000000; font-family: 'Avenir Book'; font-size: 11pt; font-style: normal; font-variant-caps: normal; font-weight: 400; letter-spacing: normal; text-transform: none; white-space: normal; word-spacing: 0px; text-decoration: none; -webkit-text-stroke-width: 0px;\">\u00a0Il est aussi co-fondateur du festival de musique de chambre \u00e0 Belle-Ile-en-Mer.<b><i>\u00a0<\/i><\/b>\u00a0Il a \u00e9galement entrepris un cycle de compositions vou\u00e9 \u00e0 la mer et aux phares avant de d\u00e9c\u00e9der le 1<sup>er<\/sup>\u00a0juin 2020.<\/span><\/p><p style=\"margin: 0cm; font-size: medium; font-family: Calibri, sans-serif; caret-color: #000000; color: #000000;\"><span style=\"font-size: 11pt; font-family: 'Avenir Book';\">\u00a0<\/span><\/p><p style=\"margin: 0cm; font-size: medium; font-family: Calibri, sans-serif; caret-color: #000000; color: #000000;\"><span style=\"font-size: 11pt; font-family: 'Avenir Book';\">\u00a0<\/span><\/p><p><style>\n<!--\n\/* Style Definitions *\/\n p.MsoNormal, li.MsoNormal, div.MsoNormal\n\t{mso-style-unhide:no;\n\tmso-style-qformat:yes;\n\tmso-style-parent:\"\";\n\tmargin:0cm;\n\tmso-pagination:widow-orphan;\n\tfont-size:12.0pt;\n\tfont-family:\"Calibri\",sans-serif;\n\tmso-ascii-font-family:Calibri;\n\tmso-ascii-theme-font:minor-latin;\n\tmso-fareast-font-family:Calibri;\n\tmso-fareast-theme-font:minor-latin;\n\tmso-hansi-font-family:Calibri;\n\tmso-hansi-theme-font:minor-latin;\n\tmso-bidi-font-family:\"Times New Roman\";\n\tmso-bidi-theme-font:minor-bidi;\n\tmso-font-kerning:1.0pt;\n\tmso-ligatures:standardcontextual;\n\tmso-fareast-language:EN-US;}\np.MsoListParagraph, li.MsoListParagraph, div.MsoListParagraph\n\t{mso-style-priority:34;\n\tmso-style-unhide:no;\n\tmso-style-qformat:yes;\n\tmargin-top:0cm;\n\tmargin-right:0cm;\n\tmargin-bottom:0cm;\n\tmargin-left:36.0pt;\n\tmso-add-space:auto;\n\tmso-pagination:widow-orphan;\n\tfont-size:12.0pt;\n\tfont-family:\"Calibri\",sans-serif;\n\tmso-ascii-font-family:Calibri;\n\tmso-ascii-theme-font:minor-latin;\n\tmso-fareast-font-family:Calibri;\n\tmso-fareast-theme-font:minor-latin;\n\tmso-hansi-font-family:Calibri;\n\tmso-hansi-theme-font:minor-latin;\n\tmso-bidi-font-family:\"Times New Roman\";\n\tmso-bidi-theme-font:minor-bidi;\n\tmso-font-kerning:1.0pt;\n\tmso-ligatures:standardcontextual;\n\tmso-fareast-language:EN-US;}\np.MsoListParagraphCxSpFirst, li.MsoListParagraphCxSpFirst, div.MsoListParagraphCxSpFirst\n\t{mso-style-priority:34;\n\tmso-style-unhide:no;\n\tmso-style-qformat:yes;\n\tmso-style-type:export-only;\n\tmargin-top:0cm;\n\tmargin-right:0cm;\n\tmargin-bottom:0cm;\n\tmargin-left:36.0pt;\n\tmso-add-space:auto;\n\tmso-pagination:widow-orphan;\n\tfont-size:12.0pt;\n\tfont-family:\"Calibri\",sans-serif;\n\tmso-ascii-font-family:Calibri;\n\tmso-ascii-theme-font:minor-latin;\n\tmso-fareast-font-family:Calibri;\n\tmso-fareast-theme-font:minor-latin;\n\tmso-hansi-font-family:Calibri;\n\tmso-hansi-theme-font:minor-latin;\n\tmso-bidi-font-family:\"Times New Roman\";\n\tmso-bidi-theme-font:minor-bidi;\n\tmso-font-kerning:1.0pt;\n\tmso-ligatures:standardcontextual;\n\tmso-fareast-language:EN-US;}\np.MsoListParagraphCxSpMiddle, li.MsoListParagraphCxSpMiddle, div.MsoListParagraphCxSpMiddle\n\t{mso-style-priority:34;\n\tmso-style-unhide:no;\n\tmso-style-qformat:yes;\n\tmso-style-type:export-only;\n\tmargin-top:0cm;\n\tmargin-right:0cm;\n\tmargin-bottom:0cm;\n\tmargin-left:36.0pt;\n\tmso-add-space:auto;\n\tmso-pagination:widow-orphan;\n\tfont-size:12.0pt;\n\tfont-family:\"Calibri\",sans-serif;\n\tmso-ascii-font-family:Calibri;\n\tmso-ascii-theme-font:minor-latin;\n\tmso-fareast-font-family:Calibri;\n\tmso-fareast-theme-font:minor-latin;\n\tmso-hansi-font-family:Calibri;\n\tmso-hansi-theme-font:minor-latin;\n\tmso-bidi-font-family:\"Times New Roman\";\n\tmso-bidi-theme-font:minor-bidi;\n\tmso-font-kerning:1.0pt;\n\tmso-ligatures:standardcontextual;\n\tmso-fareast-language:EN-US;}\np.MsoListParagraphCxSpLast, li.MsoListParagraphCxSpLast, div.MsoListParagraphCxSpLast\n\t{mso-style-priority:34;\n\tmso-style-unhide:no;\n\tmso-style-qformat:yes;\n\tmso-style-type:export-only;\n\tmargin-top:0cm;\n\tmargin-right:0cm;\n\tmargin-bottom:0cm;\n\tmargin-left:36.0pt;\n\tmso-add-space:auto;\n\tmso-pagination:widow-orphan;\n\tfont-size:12.0pt;\n\tfont-family:\"Calibri\",sans-serif;\n\tmso-ascii-font-family:Calibri;\n\tmso-ascii-theme-font:minor-latin;\n\tmso-fareast-font-family:Calibri;\n\tmso-fareast-theme-font:minor-latin;\n\tmso-hansi-font-family:Calibri;\n\tmso-hansi-theme-font:minor-latin;\n\tmso-bidi-font-family:\"Times New Roman\";\n\tmso-bidi-theme-font:minor-bidi;\n\tmso-font-kerning:1.0pt;\n\tmso-ligatures:standardcontextual;\n\tmso-fareast-language:EN-US;}\n.MsoChpDefault\n\t{mso-style-type:export-only;\n\tmso-default-props:yes;\n\tfont-family:\"Calibri\",sans-serif;\n\tmso-ascii-font-family:Calibri;\n\tmso-ascii-theme-font:minor-latin;\n\tmso-fareast-font-family:Calibri;\n\tmso-fareast-theme-font:minor-latin;\n\tmso-hansi-font-family:Calibri;\n\tmso-hansi-theme-font:minor-latin;\n\tmso-bidi-font-family:\"Times New Roman\";\n\tmso-bidi-theme-font:minor-bidi;\n\tmso-fareast-language:EN-US;}\n@page WordSection1\n\t{size:612.0pt 792.0pt;\n\tmargin:70.85pt 70.85pt 70.85pt 70.85pt;\n\tmso-header-margin:36.0pt;\n\tmso-footer-margin:36.0pt;\n\tmso-paper-source:0;}\ndiv.WordSection1\n\t{page:WordSection1;}\n \/* List Definitions *\/\n @list l0\n\t{mso-list-id:316882517;\n\tmso-list-type:hybrid;\n\tmso-list-template-ids:1026068538 67895311 67895321 67895323 67895311 67895321 67895323 67895311 67895321 67895323;}\n@list l0:level1\n\t{mso-level-tab-stop:none;\n\tmso-level-number-position:left;\n\tmargin-left:38.65pt;\n\ttext-indent:-18.0pt;}\n@list l0:level2\n\t{mso-level-number-format:alpha-lower;\n\tmso-level-tab-stop:none;\n\tmso-level-number-position:left;\n\tmargin-left:74.65pt;\n\ttext-indent:-18.0pt;}\n@list l0:level3\n\t{mso-level-number-format:roman-lower;\n\tmso-level-tab-stop:none;\n\tmso-level-number-position:right;\n\tmargin-left:110.65pt;\n\ttext-indent:-9.0pt;}\n@list l0:level4\n\t{mso-level-tab-stop:none;\n\tmso-level-number-position:left;\n\tmargin-left:146.65pt;\n\ttext-indent:-18.0pt;}\n@list l0:level5\n\t{mso-level-number-format:alpha-lower;\n\tmso-level-tab-stop:none;\n\tmso-level-number-position:left;\n\tmargin-left:182.65pt;\n\ttext-indent:-18.0pt;}\n@list l0:level6\n\t{mso-level-number-format:roman-lower;\n\tmso-level-tab-stop:none;\n\tmso-level-number-position:right;\n\tmargin-left:218.65pt;\n\ttext-indent:-9.0pt;}\n@list l0:level7\n\t{mso-level-tab-stop:none;\n\tmso-level-number-position:left;\n\tmargin-left:254.65pt;\n\ttext-indent:-18.0pt;}\n@list l0:level8\n\t{mso-level-number-format:alpha-lower;\n\tmso-level-tab-stop:none;\n\tmso-level-number-position:left;\n\tmargin-left:290.65pt;\n\ttext-indent:-18.0pt;}\n@list l0:level9\n\t{mso-level-number-format:roman-lower;\n\tmso-level-tab-stop:none;\n\tmso-level-number-position:right;\n\tmargin-left:326.65pt;\n\ttext-indent:-9.0pt;}\n@list l1\n\t{mso-list-id:1577741072;\n\tmso-list-type:hybrid;\n\tmso-list-template-ids:269136990 67895297 67895299 67895301 67895297 67895299 67895301 67895297 67895299 67895301;}\n@list l1:level1\n\t{mso-level-number-format:bullet;\n\tmso-level-text:\uf0b7;\n\tmso-level-tab-stop:none;\n\tmso-level-number-position:left;\n\tmargin-left:71.4pt;\n\ttext-indent:-18.0pt;\n\tfont-family:Symbol;}\n@list l1:level2\n\t{mso-level-number-format:bullet;\n\tmso-level-text:o;\n\tmso-level-tab-stop:none;\n\tmso-level-number-position:left;\n\tmargin-left:107.4pt;\n\ttext-indent:-18.0pt;\n\tfont-family:\"Courier New\";}\n@list l1:level3\n\t{mso-level-number-format:bullet;\n\tmso-level-text:\uf0a7;\n\tmso-level-tab-stop:none;\n\tmso-level-number-position:left;\n\tmargin-left:143.4pt;\n\ttext-indent:-18.0pt;\n\tfont-family:Wingdings;}\n@list l1:level4\n\t{mso-level-number-format:bullet;\n\tmso-level-text:\uf0b7;\n\tmso-level-tab-stop:none;\n\tmso-level-number-position:left;\n\tmargin-left:179.4pt;\n\ttext-indent:-18.0pt;\n\tfont-family:Symbol;}\n@list l1:level5\n\t{mso-level-number-format:bullet;\n\tmso-level-text:o;\n\tmso-level-tab-stop:none;\n\tmso-level-number-position:left;\n\tmargin-left:215.4pt;\n\ttext-indent:-18.0pt;\n\tfont-family:\"Courier New\";}\n@list l1:level6\n\t{mso-level-number-format:bullet;\n\tmso-level-text:\uf0a7;\n\tmso-level-tab-stop:none;\n\tmso-level-number-position:left;\n\tmargin-left:251.4pt;\n\ttext-indent:-18.0pt;\n\tfont-family:Wingdings;}\n@list l1:level7\n\t{mso-level-number-format:bullet;\n\tmso-level-text:\uf0b7;\n\tmso-level-tab-stop:none;\n\tmso-level-number-position:left;\n\tmargin-left:287.4pt;\n\ttext-indent:-18.0pt;\n\tfont-family:Symbol;}\n@list l1:level8\n\t{mso-level-number-format:bullet;\n\tmso-level-text:o;\n\tmso-level-tab-stop:none;\n\tmso-level-number-position:left;\n\tmargin-left:323.4pt;\n\ttext-indent:-18.0pt;\n\tfont-family:\"Courier New\";}\n@list l1:level9\n\t{mso-level-number-format:bullet;\n\tmso-level-text:\uf0a7;\n\tmso-level-tab-stop:none;\n\tmso-level-number-position:left;\n\tmargin-left:359.4pt;\n\ttext-indent:-18.0pt;\n\tfont-family:Wingdings;}\n\n-->\n<\/style><\/p>\t\t\t\t\t\t<\/div>\n\t\t\t\t<\/div>\n\t\t\t\t\t<\/div>\n\t\t<\/div>\n\t\t\t\t\t\t\t<\/div>\n\t\t<\/section>\n\t\t\t\t\t\t\t<\/div>\n\t\t","protected":false},"excerpt":{"rendered":"<p>Ar-men : Lectures et exposition A travers son \u0153uvre, Jean-Pierre Abraham nous livre son exp\u00e9rience de gardien du phare d\u2019Armen, celui que l\u2019on surnomme\u00a0\u00ab\u00a0l\u2019enfer des enfers\u00a0\u00bb et qui fait face \u00e0 l\u2019ile de Sein.\u00a0Les passages extraits de son livre portent sur la p\u00e9riode de No\u00ebl, la sir\u00e8ne du phare, mais aussi sur les angoisses et &hellip; <\/p>\n<p class=\"link-more\"><a href=\"https:\/\/chatshutants.ovh\/?page_id=1055\" class=\"more-link\">Continue reading<span class=\"screen-reader-text\"> &#8220;AR-men&#8221;<\/span><\/a><\/p>\n","protected":false},"author":1,"featured_media":0,"parent":0,"menu_order":0,"comment_status":"closed","ping_status":"closed","template":"","meta":{"footnotes":""},"class_list":["post-1055","page","type-page","status-publish","hentry"],"_links":{"self":[{"href":"https:\/\/chatshutants.ovh\/index.php?rest_route=\/wp\/v2\/pages\/1055","targetHints":{"allow":["GET"]}}],"collection":[{"href":"https:\/\/chatshutants.ovh\/index.php?rest_route=\/wp\/v2\/pages"}],"about":[{"href":"https:\/\/chatshutants.ovh\/index.php?rest_route=\/wp\/v2\/types\/page"}],"author":[{"embeddable":true,"href":"https:\/\/chatshutants.ovh\/index.php?rest_route=\/wp\/v2\/users\/1"}],"replies":[{"embeddable":true,"href":"https:\/\/chatshutants.ovh\/index.php?rest_route=%2Fwp%2Fv2%2Fcomments&post=1055"}],"version-history":[{"count":7,"href":"https:\/\/chatshutants.ovh\/index.php?rest_route=\/wp\/v2\/pages\/1055\/revisions"}],"predecessor-version":[{"id":1065,"href":"https:\/\/chatshutants.ovh\/index.php?rest_route=\/wp\/v2\/pages\/1055\/revisions\/1065"}],"wp:attachment":[{"href":"https:\/\/chatshutants.ovh\/index.php?rest_route=%2Fwp%2Fv2%2Fmedia&parent=1055"}],"curies":[{"name":"wp","href":"https:\/\/api.w.org\/{rel}","templated":true}]}}